uppose -2*a = 5*x - 21, -8 = 7*a - 3*a. Let u = -47 - -49. Suppose 0 = -x*n + b + 21 + 79, 2*n - u*b - 48 = 0. List the prime factors of n.
19
Let y(p) = 27*p + 270. Let i be y(0). Let v = i - 115. What are the prime factors of v?
5, 31
List the prime factors of (309315/8 - 2) + 135/(-360).
2, 13, 1487
Let v(d) = 4*d - 22. Let m be v(5). List the prime factors of m*((-25)/10 - -5) + 326.
3, 107
List the prime factors of 120*(390/24 + -1) + 10.
2, 5, 23
Let z(p) = -4*p**3 - 51*p**2 - 66*p + 22. Let g(d) = 3*d**3 + 50*d**2 + 66*d - 22. Let w(c) = 5*g(c) + 4*z(c). List the prime factors of w(47).
13, 67
Let m(z) = -1410*z - 54. List the prime factors of m(-3).
2, 3, 29
Suppose 11 = -5*l - 4*c, l + l - 22 = 5*c. Let i(z) = 115*z + 4. What are the prime factors of i(l)?
7, 17
Let b = 46 + -32. What are the prime factors of (-16)/(-56) + 4070/b?
3, 97
Suppose -92*t + 95*t + 15 = 0. What are the prime factors of (-32098)/33*t/((-10)/(-3))?
1459
Suppose 12*w - 62911 - 128405 = 0. List the prime factors of w.
107, 149
Suppose v + 46*c = 44*c + 64643, -2*v + c + 129261 = 0. List the prime factors of v.
64633
Suppose 8 - 12 = -a. Suppose 6*j = 8 + a. Suppose 2*b = -3*d + 5*b + 321, 528 = 5*d + j*b. List the prime factors of d.
2, 53
Let t(s) = 116*s**2 - 66*s - 894. What are the prime factors of t(-16)?
2, 14929
Suppose 5*g - 88 + 113 = 0. List the prime factors of 3/15 - (-2)/g*-917.
367
Let j be (-162)/(-10) + (-80)/(-100). Suppose -j*t + 25*t - 3896 = 0. List the prime factors of t.
487
Let q(p) = 190*p**2 + 369*p - 1108. What are the prime factors of q(3)?
1709
Suppose 117*y - 31898 = 114*y - 5*g, 4 = g. What are the prime factors of y?
2, 3, 7, 11, 23
Let z = 856 + -520. Suppose 3*q + 4*g = 499, -z = -2*q - 10*g + 8*g. List the prime factors of q.
173
Let m = -210 - -123. Let y = -20 - m. What are the prime factors of y?
67
Suppose 2669 = 10*p - 27*p. List the prime factors of (-2 + 6)*(p/(-2) + -6).
2, 5, 29
Let c(d) = -d**3 + 24*d**2 + 27*d - 35. Let r be c(25). Let p(x) = 23*x - 7*x**2 + 6*x**2 + 3*x + 24 + x. What are the prime factors of p(r)?
2, 3, 17
Suppose 5*l = -4*q + 2*q - 2074, 4*q = -5*l - 2068. Let s = -85 - l. List the prime factors of s.
331
Let z(o) = -o**3 + 3*o**2 + 75*o + 30. Let u be z(9). Suppose -7824 = u*p - 225*p. List the prime factors of p.
2, 163
Let s be (0 + 3)*((-88)/(-24) + -3). Suppose j - 31 = -z, -s*z + 36 = 4*j - 84. List the prime factors of j.
29
Suppose -2*f = -20 - 80. Let d = 47 - f. List the prime factors of (-27 + 9)*(-1 - (-1)/d).
2, 3
Let b(z) = -67*z - 5. Let u(n) = n + 11. Suppose -3*l - 16 = 4*d + 19, 4*l + 4*d + 48 = 0. Let c be u(l). What are the prime factors of b(c)?
3, 43
Let m(i) = 17*i**2 - 3*i + 11*i**2 - 12*i**2 + 11. What are the prime factors of m(3)?
2, 73
Let t(m) = -m**2 + 16*m - 17. Suppose 0 = a + n - 15, -a = 3*a + n - 51. Let k be t(a). Let j = k + -24. What are the prime factors of j?
7
Let j(p) = p**2 + 13*p + 11. Let n be j(-12). List the prime factors of (n - (-3489)/6)*12/9.
2, 3, 43
Suppose 11*j - 6*j = -4*o + 32, -j = -4*o + 8. Suppose 1560 - 306 = o*w. List the prime factors of w.
2, 11, 19
Suppose -g = -3*y - 3*g + 3747, -y + 1257 = -2*g. Let v = y - 788. What are the prime factors of v?
463
Let c(b) = -16*b**2 - 9*b + 168. Let s(r) = -4*r**2 - 2*r + 42. Let n(i) = 2*c(i) - 9*s(i). What are the prime factors of n(8)?
2, 107
Let x(s) = -8 + 28 + s - 138*s**2 + 144*s**2. Let k(u) = -7*u**2 - u - 20. Let z(q) = 5*k(q) + 6*x(q). What are the prime factors of z(-6)?
2, 5
Suppose 106*v - 109*v = 4*o - 32916, 2*o - 43868 = -4*v. What are the prime factors of v?
2, 2741
Let c(o) = 116*o + 91*o - 39 - 97 - 81*o. List the prime factors of c(9).
2, 499
Suppose -7*k = -2*k - 10. Suppose -k*a + 12 = a. Suppose 0*j = a*c + 4*j - 44, 5*c - 4*j - 19 = 0. List the prime factors of c.
7
Suppose n - 1228 = -2*n + 4*d, 2*n - 826 = -d. Let l = -66 + n. List the prime factors of l.
2, 173
Let m be ((-72)/15)/6*165/6. Let s be m/33*(-453)/2. Suppose -5*n - s = -2*l, -2*l + l + 3*n = -77. List the prime factors of l.
2, 17
Let v = 47 + -45. Suppose -2*a + 88 = 3*k, -20 = -v*a - k + 68. Suppose -u - 5*h = -a - 64, 0 = -5*h + 20. What are the prime factors of u?
2, 11
Let a be (((-1)/3)/1)/((-8)/168). Suppose -3 + a = 2*f. Suppose 2*o - 672 = -2*o + 3*d, -f*o + 350 = -5*d. What are the prime factors of o?
3, 5, 11
Let h be 8/52 - (48/(-26) + -2). Suppose 2*i + h*g - 702 = 0, -2*i + 2*g = -516 - 192. What are the prime factors of i?
353
Suppose -j + 2*x + 54 = 20, j - 42 = 4*x. What are the prime factors of (6 - j/(-39))/(2/30)?
2, 5
Suppose 9*l + 21 = 2*l. Let t(p) = -2*p**3 + 6*p**2 + 5*p - 5. Let s be t(l). Suppose 2*n - 4*a = 66 + 18, 2*a = 2*n - s. List the prime factors of n.
2, 23
Let m(o) = 10*o**2 - o + 23. List the prime factors of m(11).
2, 13, 47
Let q be (-2)/1*(-498)/(-12). Let z = -63 - q. Suppose 19*i - z*i + 205 = 0. What are the prime factors of i?
5, 41
Let a(h) = h**2 + 17*h + 15. Suppose -r = -2*u - 0*u + 17, -5*r - 120 = -3*u. List the prime factors of a(r).
3, 5, 19
Let t(l) = 3*l**2 + l + 2. Let r be t(-2). Let d be 5 + r/(0 + -4). Suppose c - d*c = -3*n - 57, -c + 50 = 4*n. List the prime factors of c.
2, 3
Suppose g - 13 = 3*y, 0*g = 5*g - 3*y - 41. Suppose -g*c = -11 + 4. What are the prime factors of -2 - -155 - (10/5 - c)?
2, 19
What are the prime factors of (-2)/1*-1181*(56/16 + -1)?
5, 1181
Let k = 366 - -87. Suppose 4*t = -4*g + 468, -4*t + k = 14*g - 13*g. List the prime factors of t.
2, 7
Suppose 29 - 41 = 4*b, q - 4*b - 469 = 0. What are the prime factors of q?
457
Let z = -35 - -33. What are the prime factors of 18 + -13 - (-103 + z)?
2, 5, 11
What are the prime factors of 59440/5 - 2 - (6 + 1)?
7, 1697
Suppose 0 = 4*i - 4, 2*i = 11*u - 15*u + 14. What are the prime factors of 1 - (-1 + u)/((-3)/36)?
5
Let y(o) = -1 - 4*o**2 + 6 + 3*o**2 - 3 - 25*o. What are the prime factors of y(-14)?
2, 3, 13
Let o(l) = -l**3 + 32*l**2 + 81*l - 92. Let m(x) = -x**2 - x. Let w(d) = 3*m(d) - o(d). List the prime factors of w(38).
2, 7, 11
Suppose -140*u - 36 = -146*u. Suppose u = 2*n, -4*n = 5*w - 7*n - 616. What are the prime factors of w?
5
Suppose -b + r = -3925, 4*b + 3*r - 12266 = 3469. Suppose -5*o + 0*o = -b. List the prime factors of o.
2, 3, 131
Suppose -17*h - 116947 + 1120559 = 0. List the prime factors of h.
2, 14759
Suppose 5*o = 5*l + 15, 5*l - 11 = -4*o + 19. Let c(p) = 10*p - 19. Let a(f) = 49*f - 95. Let u(x) = -2*a(x) + 11*c(x). List the prime factors of u(o).
41
Suppose 17*g = 16*g. Suppose 5*y - 5 = g, -5*p - 3 = -5*y + 2. List the prime factors of 15 + (p - -2) + -3.
2, 7
Suppose 4*y + 9*y = 78. Suppose -3*s + 15 = 0, 2745 = 11*n - y*n + 3*s. What are the prime factors of n?
2, 3, 7, 13
Let d(n) = -n**3 - n**2 + n - 33. Let o be d(0). Let j = 103 - o. What are the prime factors of j?
2, 17
Suppose 685*x = 669*x + 150112. What are the prime factors of x?
2, 4691
Let z(y) = -4*y**3 + 192*y**2 + 103*y + 264. What are the prime factors of z(48)?
2, 3, 7, 31
Suppose -5*y - 5*b + 520 = 0, 0 = -3*y - 3*b - b + 314. Let c be (-6)/2*y/(-18). Suppose -m + 27 + c = 0. List the prime factors of m.
2, 11
Suppose -120*z + 123*z = 225. Let y be (-8554)/35 + 5/(z/6). Let p = 421 + y. What are the prime factors of p?
3, 59
Let i(k) = -2*k**3 - 12*k**2 + 37*k + 23. Let r be i(-12). Suppose 4*v = 7011 - r. List the prime factors of v.
2, 23, 31
Let w = 98 - 67. Suppose 4*r - 5*f = 59, -2*r + 2*f = -f - w. List the prime factors of r*25*(-1 + 2).
5, 11
Suppose 19*s - 3*b - 283957 = 0, -14*b - 29923 = -2*s - 9*b. List the prime factors of s.
2, 467
Suppose 6*l = -3*q + l + 3418, 4*q = 4*l + 4568. Suppose 4*u - q = 239. List the prime factors of u.
3, 5, 23
Let c(w) = -3*w**2 + 18*w - 3. Let z(a) = -8*a**2 - 13 + 239*a - 166*a - 5*a**2. Let m(p) = -9*c(p) + 2*z(p). What are the prime factors of m(-7)?
2, 3
Let z(u) = -2*u**2 + 168*u + 264. Let x be z(86). Let h = -310 - -455. Let v = h + x. List the prime factors of v.
5, 13
Let l(i) = i**3 + 6*i**2 + 8*i + 9. Let x be l(-3). Let t(m) = 3*m**2 + m + 5. What are the prime factors of t(x)?
449
Let z(p) = -p**3 + 10*p**2 + 7*p + 35. Let m be 2 + (4/(-4) - (-4 + -6)). Let d be z(m). List the prime factors of ((-6)/d)/((-2)/(-717)).
